- 5*n**2 + 3*n - 8. Let r be a(-6). What is the highest common divisor of r and w?
10
Let o be (-142)/(-14) + (-7)/49. Calculate the highest common divisor of 10 and o.
10
Suppose -2*s + 207 = -5*g - 25, 3*s - 371 = -4*g. Let d be 2*11*(-5)/(-10). What is the highest common factor of s and d?
11
Suppose 5*h - 325 = o + 4*o, 5*o - 305 = -4*h. Let q(z) = -11*z - 1. Let s be q(-1). Calculate the greatest common divisor of h and s.
10
Suppose 0*q + 4*q - 650 = -2*w, 4*q - 3*w - 675 = 0. Calculate the greatest common divisor of 15 and q.
15
Suppose -5*n + 40 = 3*s, 15 = n - 3*n + 5*s. Let f = -29 - -26. Let b = f + n. What is the greatest common divisor of 10 and b?
2
Let o = 791 + -527. Suppose 16*r = 2*r + 336. Calculate the highest common divisor of r and o.
24
Suppose 2*q = -2*q + 96. Suppose 15 = 4*c - 49. Let v = q - c. What is the greatest common divisor of 56 and v?
8
Suppose -2*c + 48 + 4 = 0. Let q be (-3)/(-2) + (-46)/(-4). Calculate the greatest common divisor of c and q.
13
Let t be (-4)/16 + 21/4. Suppose 5*b + 3*c = 234, -21 = -t*c - 6. Let d = 7 - 2. Calculate the greatest common divisor of d and b.
5
Let n = 6 + -12. Let j be n/(-5)*(-60)/(-18). Suppose j*r - 16 = 28. Calculate the greatest common factor of r and 55.
11
Let p be 0/(-1 + 3 + -4) - -9. Calculate the greatest common divisor of 27 and p.
9
Let l = 9 + -7. Suppose -3*o - l*o + 2*t + 90 = 0, 72 = 4*o + 2*t. Calculate the greatest common factor of o and 18.
18
Let b(a) = -a**2 - a + 3. Let q be b(0). Let r = q + 3. Suppose -2*y + 3*y - 6 = 0. Calculate the highest common divisor of y and r.
6
Let m = -13 + 21. Let t = -20 - -28. Calculate the highest common divisor of m and t.
8
Suppose -37 = -g - p, -4*p - p - 175 = -4*g. Suppose -26 = -3*m + m - 4*t, -4*m + g = 4*t. Let o = 919 + -842. Calculate the greatest common divisor of o and m.
7
Let z(o) = 3*o - 7. Let w be z(5). Calculate the highest common divisor of 8 and w.
8
Let p(k) = -k**3 + 8*k**2 - 6*k - 4. Let n(z) = -z**2 + 4*z + 4. Let g be n(3). Let h be p(g). What is the greatest common factor of 24 and h?
3
Let d = -61 - -232. Suppose 0 = -f - 5, -d = -4*m - 4*f - f. Let g = m - 7. What is the greatest common divisor of 28 and g?
14
Let d(p) = 2*p - 3. Let r(j) = -j**2 - 7*j + 9. Let y(w) = -8*d(w) - 3*r(w). Let f be y(-6). Calculate the greatest common factor of f and 30.
15
Suppose 7*i - 160 = -9*i. Suppose 50 = t - 60. What is the highest common factor of t and i?
10
Suppose -w + 4 = 0, -3*w + 4 = 2*f - 4*f. Suppose 0*k + 5*k = 3*n + 41, -n - k - 11 = 0. Let i = n - -20. What is the greatest common factor of f and i?
4
Let l = -21 - -15. Let i(n) = -n. Let t be i(l). Let a(w) = -4*w + 1. Let v be a(-2). Calculate the highest common divisor of v and t.
3
Let y be (-1 + 0)/((-3)/(-6)). Let a(x) = 22*x**2 - 2*x - 2. Let m be a(y). Let g be 18 - 0/(-2 + 0). What is the highest common divisor of m and g?
18
Let a be (4/3)/(14/21). Suppose 5*h = w - 20, w - 7 - 7 = a*h. What is the greatest common factor of 10 and w?
10
Let m = 187 + -77. Suppose 2*g + 5*y - 130 = -52, -3*g + 3*y = -138. Calculate the greatest common divisor of g and m.
22
Let d be (-1)/2*(-1 - 3). Suppose 0 = d*v - h - 10, 3*h + 19 - 1 = 3*v. Let y be (-79)/(-4) - (-7)/28. What is the greatest common factor of v and y?
4
Suppose 0*h + h = 0. Suppose 4*g = -h*g + 36. Suppose -2*w + 110 = -4*j, -3*j = 4*w + 2*j - 272. What is the highest common divisor of g and w?
9
Suppose -5*i = -3*o + 19, -i - o + 0 = -1. Let x(c) = -2*c**3 - 2*c**2 + c - 2. Let m be x(i). Calculate the highest common divisor of m and 16.
4
Let g = 20 - -12. Let u(j) = -j**3 - 3*j**2 + 3*j + 4. Let l be u(-4). Calculate the highest common factor of g and l.
8
Suppose -3*b - z + 56 = -3*z, -71 = -4*b - z. Let v be 0 + 1 + 0 + 17. Let c = v + 0. Calculate the highest common factor of b and c.
18
Suppose -1 = 3*t - 46. Suppose -4*u + 923 - 263 = 0. Calculate the greatest common divisor of u and t.
15
Suppose 2*m = 5*m - 105. Let u = 26 - 12. Suppose g = -0*g + u. What is the highest common divisor of m and g?
7
Let q(i) be the first derivative of -i**4/4 + 7*i**3/3 + 4*i**2 + 6*i + 2. Let z be q(8). What is the greatest common factor of z and 3?
3
Suppose -j - 2*j + 462 = -3*q, 4*j - 624 = 2*q. Suppose 142 = 3*m - j. Calculate the highest common divisor of m and 40.
20
Suppose 3*j + 132 = 4*v, -v + 1 = 4*j - 32. What is the greatest common factor of v and 11?
11
Let u = 47 - 33. What is the highest common divisor of 14 and u?
14
Let m be (-3)/5 - (-392)/70. Calculate the greatest common factor of 3 and m.
1
Suppose -2*j + 3*k = -j - 234, -2*j + 483 = -3*k. Suppose 2*z = -49 + j. Let r = -57 + 97. What is the greatest common divisor of r and z?
20
Let k(l) = l**2 - l + 4. Let u be k(0). Let p(x) = -69 - 69 + 139 + 5*x. Let o be p(u). What is the greatest common factor of 84 and o?
21
Let g(b) = b**2 + 5*b - 10. Let o be g(-7). Let i = 9 - o. Suppose -2 = f + 4*h, -2*h + 0 = 5*f - 8. What is the highest common divisor of f and i?
1
Suppose 2*w + 9*w = 220. Suppose -140 = -4*n + 4*k, k = 2*n + 2*n - 125. What is the greatest common divisor of n and w?
10
Suppose -27 - 1 = -2*w. What is the greatest common divisor of 28 and w?
14
Let p be (-140)/(-8) + 1/2. Let z = 45 - p. Calculate the highest common divisor of 9 and z.
9
Suppose 2*x + 4*r - 60 = 0, 5*x - 6*r - 192 = -2*r. What is the highest common factor of x and 4?
4
Suppose 0 = -3*r + 2*b + 168 + 44, 12 = -3*b. Calculate the greatest common factor of 17 and r.
17
Let g(l) = -l**2 - 5*l + 11. Let v be g(0). What is the highest common factor of 44 and v?
11
Let x = 0 - -1. Suppose 0 = u - 13 - x. Let d(g) = -11*g - 1. Let i be d(-2). What is the greatest common divisor of i and u?
7
Let l be (1/(-2))/(23/(-276)). Calculate the highest common factor of 9 and l.
3
Let a be (-1)/(3/6 - 0). Let g be (2/(-4))/(a/64). Calculate the greatest common factor of g and 16.
16
Let c(k) be the first derivative of 10*k**2 - 6*k - 4. Let j be c(3). Let o(p) = p**2 - 4*p - 3. Let m be o(-2). What is the highest common factor of m and j?
9
Let o = -4 + 6. Suppose 0 = o*h + 10, -5*u + 3*h = -40. Let j = 24 - u. Calculate the greatest common divisor of j and 209.
19
Let w(j) be the first derivative of j**4/2 - j**2/2 - 2*j - 4. Let b be w(2). Calculate the greatest common factor of b and 48.
12
Suppose 4*z + z - 210 = 0. What is the greatest common factor of z and 378?
42
Let w be (-1)/6 - 402/(-36). Let j(g) = 10*g**2 + g. Let u be j(5). Suppose u = 4*o + 35. Calculate the greatest common factor of o and w.
11
Let r be (-465)/6*(-112)/40. Calculate the highest common divisor of 31 and r.
31
Let b(q) = -18*q. Let a(m) = m + 1. Let r(i) = 2*a(i) + b(i). Let v be r(-4). What is the greatest common divisor of 44 and v?
22
Suppose -c - 4*c = -120. What is the highest common divisor of c and 3?
3
Let y(c) = 2*c**3 + c**2 - 2 - 5*c**3 - c + 0*c. Let n be y(2). Let u = n + 87. Calculate the greatest common factor of u and 42.
21
Suppose 6*v = -0*v + 48. Suppose k - 1 = 3. What is the highest common factor of v and k?
4
Let p = 41 - -22. Let v = 163 - p. Calculate the highest common divisor of v and 40.
20
Let i = -105 - -155. Let h = -32 + i. What is the greatest common divisor of 18 and h?
18
Let x = 24 + -3. Let v(f) = -f - 10. Let u be v(-10). Suppose u = -g - 4*q - 17, 7 = -4*g - 4*q - 1. What is the greatest common factor of x and g?
3
Let l(d) be the first derivative of 5*d**2 - d + 1. Suppose 3 - 28 = -5*b. Let m be l(b). What is the greatest common factor of 7 and m?
7
Let p = 1 - -2. Let o be 6/(-4)*(-3 - p). Suppose o + 3 = 2*m. Calculate the greatest common factor of 48 and m.
6
Suppose -2*a - 4*y - 2 = 0, -56 = 4*a - 2*y - 2. Suppose 2*z + 6 = 3*o, -5*o = -2*z - 5 + 3. Let x = z - a. What is the greatest common divisor of x and 15?
5
Let l be (900/(-21))/5*-7. Let i be (0/2)/(-6 + 4). Suppose i = o - 5 - 19. What is the greatest common factor of o and l?
12
Suppose i - 49 = 26. Suppose -i - 35 = -5*g. Suppose -6*r - 10 = -76. Calculate the highest common divisor of g and r.
11
Suppose 31 = 2*o + 7. Calculate the greatest common factor of 96 and o.
12
Let v be (-18)/45 + 12/5. Let s be -2 + v*(-33)/(-6). Let h be 1*(2 + (-14)/(-2)). Calculate the